87
Let b(m) = m**3 + 89*m**2 - 989*m + 92. Determine b(-99).
-7
Let v(b) = b**3 - 5*b**2 - 29*b + 47. Calculate v(10).
257
Let w(x) = x**3 - 94*x**2 - 192*x - 5. Determine w(96).
-5
Let f(d) = -2*d**3 - d**2 - d - 10. Give f(-2).
4
Let t(f) = -2*f**3 - 31*f**2 - 39*f - 34. Calculate t(-14).
-76
Let j(y) = -2*y + 464. Give j(-10).
484
Let u(r) = r**3 + 15*r**2 - 11*r + 63. Give u(-16).
-17
Let h(i) = -i**3 + 4*i**2 - 30*i + 2371. What is h(14)?
-9
Let n(t) = 3*t**3 - 35*t**2 - 15*t + 33. Give n(12).
-3
Let b(p) = -3*p**2 - 73*p - 47. Calculate b(-23).
45
Let c(f) = 5*f**3 - 29*f**2 - 45*f + 232. What is c(6)?
-2
Let s(f) = -19*f - 553. Determine s(-29).
-2
Let o(r) = 3*r**2 + 142*r + 745. What is o(-6)?
1
Let g(o) = -2*o**2 + 113*o - 652. Calculate g(44).
448
Let y(m) = -m**3 - 41*m**2 - 49*m - 350. Give y(-40).
10
Let z(h) = 6*h + 326. Give z(-67).
-76
Let n(x) = 25*x**2 - 130*x + 49. What is n(5)?
24
Let i(k) = -k**3 - 40*k**2 + 54*k + 557. Give i(-41).
24
Let a(x) = -2*x**3 - 26*x**2 - 29*x - 30. Determine a(-11).
-195
Let a(k) = -45*k - 57. What is a(0)?
-57
Let g(w) = w**3 - 18*w**2 + 87*w - 172. Give g(12).
8
Let z(q) = q**2 - 24*q - 118. Calculate z(28).
-6
Let f(u) = 219*u + 89. Give f(1).
308
Let d(i) = -33*i + 190. What is d(10)?
-140
Let j(h) = -2*h**2 + 9*h - 84. What is j(8)?
-140
Let h(y) = y**2 - 12*y - 370. Determine h(27).
35
Let m(g) = -50*g - 6475. Determine m(-129).
-25
Let i(z) = -z**3 + 217*z**2 - 801*z - 10873. Give i(213).
-10
Let u(b) = -112*b + 935. Give u(8).
39
Let b(d) = d**3 - 47*d**2 - 45*d + 68. Give b(48).
212
Let s(k) = -12*k**2 + 31*k + 832. Calculate s(-7).
27
Let w(q) = -q**3 - 3*q**2 + 11*q + 20. What is w(-3)?
-13
Let r(l) = 2*l + 42. Determine r(-20).
2
Let s(o) = -17*o**2 - 126*o - 127. Calculate s(-1).
-18
Let u(y) = -y**2 + 46*y - 409. Give u(12).
-1
Let o(n) = -6*n**2 + 74*n + 45. Determine o(13).
-7
Let u(w) = 187*w**2 - 357*w + 1. Give u(2).
35
Let f(c) = -6407*c + 6412. Calculate f(1).
5
Let i(o) = -4*o**3 - 80*o**2 - 79*o - 51. Calculate i(-19).
6
Let t(p) = 8*p**2 - 269*p - 123. Give t(34).
-21
Let z(t) = 292*t + 25. Give z(-1).
-267
Let k(j) = 2*j**3 - 87*j**2 + 136*j - 409. Determine k(42).
11
Let r(i) = 18*i - 406. Give r(27).
80
Let r(v) = 8*v**3 - 2*v**2 + 5*v - 21. What is r(4)?
479
Let x(r) = -29*r + 7. Calculate x(2).
-51
Let o(h) = -91*h - 477. Give o(-5).
-22
Let i(r) = -38*r**2 - 391*r - 131. Calculate i(-10).
-21
Let u(s) = 13*s - 134. Give u(16).
74
Let i(k) = k**3 + 2*k**2 - 538*k + 4178. What is i(10)?
-2
Let o(x) = -x**3 - 21*x**2 + 41*x + 65. What is o(-22)?
-353
Let d(t) = -3*t**2 - 98*t + 240. Give d(-35).
-5
Let x(r) = r**3 - 16*r**2 - 129*r - 41. Determine x(22).
25
Let y(i) = i**2 - 20*i + 12. Determine y(25).
137
Let q(d) = 2*d - 99. Give q(-20).
-139
Let h(y) = y**3 - 13*y**2 + 31*y + 55. What is h(6)?
-11
Let u(z) = -z**3 + 61*z**2 - 5*z + 290. Give u(61).
-15
Let j(h) = -h**3 - 28*h**2 + 423*h - 238. Calculate j(-39).
-4
Let v(h) = -9*h + 160. Determine v(19).
-11
Let t(l) = l**3 + 45*l**2 + 39*l - 278. Determine t(-44).
-58
Let k(h) = -20*h - 465. Give k(-24).
15
Let g(m) = 12*m - 104. What is g(11)?
28
Let h(c) = -c**2 - 41*c - 507. Determine h(-28).
-143
Let o(u) = 2*u**3 - 202*u**2 - 2463*u - 117. Calculate o(112).
-5
Let l(z) = 196*z + 612. What is l(-3)?
24
Let x(y) = -19*y**2 + 864*y + 449. Calculate x(46).
-11
Let a(z) = -114*z - 912. Determine a(-8).
0
Let z(p) = -7*p + 240. Determine z(25).
65
Let u(n) = -307*n - 45134. Calculate u(-147).
-5
Let y(a) = a**2 + 4*a - 253. What is y(15)?
32
Let n(z) = -z**3 - 52*z**2 - 56*z - 243. What is n(-51)?
12
Let d(p) = -p**3 - 31*p**2 - 227*p + 3. Calculate d(-12).
-9
Let j(f) = -164*f + 2658. Give j(16).
34
Let q(f) = -37*f**2 - 129*f + 152. Determine q(-4).
76
Let a(c) = -4*c + 15. Calculate a(0).
15
Let n(o) = o**3 + 55*o**2 + 168*o + 619. Calculate n(-52).
-5
Let c(q) = -2*q**3 + 21*q**2 - 3*q - 48. Calculate c(10).
22
Let x(n) = 9*n - 46. Calculate x(5).
-1
Let o(h) = -24*h**2 + 39*h + 68. What is o(-2)?
-106
Let z(q) = -1299*q - 11836. Determine z(-9).
-145
Let h(i) = 10*i + 194. What is h(-19)?
4
Let b(n) = -n**3 - 3*n**2 - 27*n + 47. Calculate b(2).
-27
Let l(j) = -3*j**2 - 93*j - 20. Give l(-32).
-116
Let z(b) = -3*b**3 - 36*b + 36. Give z(1).
-3
Let x(f) = f**3 - 44*f**2 + 112*f + 32. Give x(41).
-419
Let d(f) = f**3 + 32*f**2 - 37*f + 89. Calculate d(-33).
221
Let p(v) = 2*v**2 + 135*v + 2185. Calculate p(-33).
-92
Let b(u) = -5*u**2 + 53*u + 11. Determine b(8).
115
Let v(g) = -g**3 - 36*g**2 + 67*g - 343. Give v(-38).
-1
Let d(y) = -613*y**2 + 15943*y - 136. What is d(26)?
-6
Let h(b) = -96*b + 571. Determine h(6).
-5
Let c(k) = k**3 - 258*k**2 - 1332*k - 75. Calculate c(-5).
10
Let w(o) = -737*o + 46429. What is w(63)?
-2
Let c(s) = s**2 - 34*s + 33. Give c(33).
0
Let x(s) = 21*s + 30. Determine x(0).
30
Let t(b) = 45*b - 78. What is t(6)?
192
Let y(u) = 2*u**3 - 56*u**2 + 57*u - 16. Calculate y(27).
65
Let y(q) = -507*q + 1362. Determine y(3).
-159
Let t(o) = -19*o - 87. Calculate t(-4).
-11
Let l(o) = o**3 - 25*o**2 + 25*o - 13. Calculate l(23).
-496
Let g(q) = -q**3 - 3*q**2 + 16*q - 15. What is g(-6)?
-3
Let b(f) = 9*f**2 + 216*f - 16. Give b(-24).
-16
Let v(s) = -2*s**2 - 1274*s + 41414. Give v(31).
-2
Let x(i) = -43*i**2 - 11*i + 29. Determine x(2).
-165
Let g(x) = 107*x - 1307. Give g(12).
-23
Let z(y) = 3*y**2 - 137*y - 159. Determine z(47).
29
Let r(a) = 4*a**2 + 29*a + 11. Calculate r(-8).
35
Let f(a) = -a**3 + 4*a**2 - 5*a + 25. Calculate f(6).
-77
Let t(j) = 129*j + 840. Calculate t(-8).
-192
Let w(s) = 161*s**3 - 2*s**2 + 5*s + 7. Calculate w(-1).
-161
Let m(k) = -2*k**2 - 9488*k + 47470. Determine m(5).
-20
Let k(x) = x**2 + 71*x + 703. Give k(-59).
-5
Let b(f) = 3*f**3 + 16*f**2 + 15*f + 30. Calculate b(-5).
-20
Let d(c) = c**2 + 4*c + 30. Calculate d(-17).
251
Let l(t) = -16*t + 752. Give l(41).
96
Let u(f) = f**3 + 56*f**2 + 78. Determine u(-56).
78
Let z(v) = v**3 + 27*v**2 - 88*v - 4. Give z(3).
2
Let g(a) = 3*a**2 + 4*a - 694. Determine g(18).
350
Let s(n) = -n**2 + 18*n + 417. Calculate s(31).
14
Let b(v) = 8*v**2 + 334*v + 334. Give b(-1).
8
Let r(b) = 9*b**2 + 8*b + 14. Determine r(-2).
34
Let u(k) = -489*k - 56246. Give u(-115).
-11
Let i(r) = -430*r + 1196. Determine i(3).
-94
Let m(o) = 497*o + 5. Determine m(0).
5
Let g(o) = 6*o**2 + 76*o - 6. What is g(-6)?
-246
Let s(t) = 141*t + 4246. Give s(-30).
16
Let u(b) = -2*b**2 - 23*b + 49. Determine u(-13).
10
Let z(y) = 2*y**3 - 17*y**2 - 28*y + 193. Determine z(9).
22
Let c(i) = i**2 + 3*i - 14. Determine c(-6).
4
Let x(c) = -7*c**2 - 8*c - 3. Give x(-1).
-2
Let q(s) = -6*s**2 - 17*s + 23. Calculate q(4).
-141
Let j(d) = 84*d - 1512. Calculate j(18).
0
Let i(y) = 6*y**3 - 11*y**2 + 2*y + 7. Give i(3).
76
Let d(z) = z**3 - 247*z**2 - 3377*z + 46. Calculate d(-13).
7
Let c(o) = 1326*o**2 - 6*o + 2. Calculate c(1).
1322
Let m(t) = -114*t**2 + t + 24. Calculate m(-3).
-1005
Let b(g) = 238*g - 4979. What is b(22)?
257
Let r(k) = -48*k**2 + 395*k - 6. Calculate r(9).
-339
Let o(d) = d**3 + 9*d**2 - 6*d + 364. What is o(-12)?
4
Let m(t) = -t**3 - 148*t**2 + 2091*t - 304. Determine m(-161).
18
Let n(d) = -d**2 - 35*d - 162. Calculate n(-17).
144
Let p(l) = -13*l**2 - 183*l - 23. What is p(-14)?
-9
Let d(j) = j**3 + 10*j**2 + 30*j + 76. Determine d(-13).
-821
Let b(n) = 41*n + 446. Calculate b(-11).
-5
Let c(i) = -410*i + 972. Determine c(2).
152
Let q(o) = -o**2 + 24*o - 5. What is q(17)?
114
Let c(d) = d**2 + 4*d - 143. Determine c(9).
-26
Let c(h) = 4*h - 130. What is c(24)?
-34
Let x(j) = j**3 - 21*j**2 + 5*j - 53. Give x(21).
52
Let u(s) = -4*s**3 - 55*s**2 + 3*s + 10. Determine u(-14).
164
Let h(n) = 3*n**2 + 24*n + 51. What is h(-3)?
6
Let r(y) = y**3 - 12*y**2 + 167*y - 1475. Determine r(10).
-5
Let o(c) = -73*c + 8243. Give o(113).
-6
Let c(b) = -2*b**2 - 3030*b + 9096. Give c(3).
-12
Let a(o) = o**2 - 161. Determine a(0).
-161
Let p(t) = -14*t + 750. Give p(51).
36
Let t(d) = -166*d + 46971. Calculate t(283).
-7
Let s(x) = -147*x + 8102. Determine s(54).
164
Let y(r) = 3*r**3 + 83*r**2 + 335*r - 332. What is y(-6)?
-2
Let k(h) = -2*h**3 + 9*h**2 - 9. Calculate k(6).
-117
Let i(g) = 3*g**2 + 309*g - 1280. Give i(-107).
4
Let z(l) =